{"id":329059,"date":"2025-02-18T20:11:12","date_gmt":"2025-02-18T19:11:12","guid":{"rendered":"https:\/\/stage.septpublicite.fr\/septpublicite.fr\/?post_type=product&#038;p=329059"},"modified":"2025-02-18T20:19:09","modified_gmt":"2025-02-18T19:19:09","slug":"film-de-protection-solaire-decoration-de-vehicule-7publicite","status":"publish","type":"product","link":"https:\/\/stage.septpublicite.fr\/septpublicite.fr\/product\/film-de-protection-solaire-decoration-de-vehicule-7publicite\/","title":{"rendered":"Film de protection solaire"},"content":{"rendered":"<p data-start=\"0\" data-end=\"510\">Le film de protection solaire pour v\u00e9hicule est une solution efficace pour am\u00e9liorer le confort et la s\u00e9curit\u00e9 des passagers. Il r\u00e9duit consid\u00e9rablement la chaleur \u00e0 l&rsquo;int\u00e9rieur du v\u00e9hicule en filtrant une grande partie des rayons infrarouges. En bloquant jusqu&rsquo;\u00e0 99 % des rayons UV, il prot\u00e8ge \u00e9galement la peau des occupants contre les effets nocifs du soleil. Cette protection pr\u00e9serve \u00e9galement l&rsquo;int\u00e9rieur du v\u00e9hicule, entra\u00eenant la fabrication et le vieillissement pr\u00e9matur\u00e9 des si\u00e8ges et du tableau de bord.<\/p>\n<p data-start=\"512\" data-end=\"1011\">En plus de ses avantages thermiques et anti-UV, le film solaire am\u00e9liore la confidentialit\u00e9 en limitant la visibilit\u00e9 depuis l&rsquo;ext\u00e9rieur. Il permet aux passagers de voyager en toute discr\u00e9tion, notamment pour ceux transportant des objets de valeur. Diff\u00e9rents niveaux de teintes et d&rsquo;opacit\u00e9s sont disponibles pour s&rsquo;adapter aux besoins et aux go\u00fbts de chacun. Certains films de protection solaire poss\u00e8dent des propri\u00e9t\u00e9s r\u00e9fl\u00e9chissantes gr\u00e2ce \u00e0 une fine couche de m\u00e9tal ou de particules c\u00e9ramiques int\u00e9gr\u00e9es dans leur structure.<\/p>\n<p data-start=\"512\" data-end=\"1011\">Il existe plusieurs types de films r\u00e9fl\u00e9chissants, allant des mod\u00e8les l\u00e9g\u00e8rement miroitants aux versions \u00e0 effet miroir plus marqu\u00e9es. Ces derniers offrent \u00e9galement un avantage esth\u00e9tique, donnant au v\u00e9hicule un look plus moderne et haut de gamme. Toutefois, l&rsquo;utilisation de films tr\u00e8s r\u00e9fl\u00e9chissants sur certaines parties du v\u00e9hicule peut \u00eatre r\u00e9glement\u00e9e, notamment pour garantir une bonne visibilit\u00e9 et \u00e9viter l&rsquo;\u00e9blouissement des autres conducteurs.<\/p>\n","protected":false},"excerpt":{"rendered":"<p>Le film de protection solaire pour v\u00e9hicule est une solution efficace pour am\u00e9liorer le confort et la s\u00e9curit\u00e9 des passagers. Il r\u00e9duit consid\u00e9rablement la chaleur \u00e0 l&rsquo;int\u00e9rieur du v\u00e9hicule en filtrant une grande partie des rayons infrarouges. En bloquant jusqu&rsquo;\u00e0 99 % des rayons UV, il prot\u00e8ge \u00e9galement la peau des occupants contre les effets [&hellip;]<\/p>\n","protected":false},"featured_media":2055,"comment_status":"closed","ping_status":"closed","template":"","meta":{"_et_pb_use_builder":"","_et_pb_old_content":"","_et_gb_content_width":""},"product_brand":[],"product_cat":[103],"product_tag":[],"class_list":{"0":"post-329059","1":"product","2":"type-product","3":"status-publish","4":"has-post-thumbnail","6":"product_cat-decoration-de-vehicule","8":"first","9":"instock","10":"shipping-taxable","11":"product-type-simple"},"yoast_head":"<!-- This site is optimized with the Yoast SEO plugin v27.6 - https:\/\/yoast.com\/product\/yoast-seo-wordpress\/ -->\n<title>Film de protection solaire - septpublicite.fr<\/title>\n<meta name=\"description\" content=\"Le film de protection solaire pour v\u00e9hicule est une solution efficace pour am\u00e9liorer le confort et la s\u00e9curit\u00e9 des passagers. Il r\u00e9duit consid\u00e9rablement la chaleur \u00e0 l&#039;int\u00e9rieur du v\u00e9hicule en filtrant une grande partie des rayons infrarouges.\" \/>\n<meta name=\"robots\" content=\"index, follow, max-snippet:-1, max-image-preview:large, max-video-preview:-1\" \/>\n<link rel=\"canonical\" href=\"https:\/\/stage.septpublicite.fr\/septpublicite.fr\/product\/film-de-protection-solaire-decoration-de-vehicule-7publicite\/\" \/>\n<meta property=\"og:locale\" content=\"fr_FR\" \/>\n<meta property=\"og:type\" content=\"article\" \/>\n<meta property=\"og:title\" content=\"Film de protection solaire - septpublicite.fr\" \/>\n<meta property=\"og:description\" content=\"Le film de protection solaire pour v\u00e9hicule est une solution efficace pour am\u00e9liorer le confort et la s\u00e9curit\u00e9 des passagers. Il r\u00e9duit consid\u00e9rablement la chaleur \u00e0 l&#039;int\u00e9rieur du v\u00e9hicule en filtrant une grande partie des rayons infrarouges.\" \/>\n<meta property=\"og:url\" content=\"https:\/\/stage.septpublicite.fr\/septpublicite.fr\/product\/film-de-protection-solaire-decoration-de-vehicule-7publicite\/\" \/>\n<meta property=\"og:site_name\" content=\"septpublicite.fr\" \/>\n<meta property=\"article:modified_time\" content=\"2025-02-18T19:19:09+00:00\" \/>\n<meta property=\"og:image\" content=\"https:\/\/stage.septpublicite.fr\/septpublicite.fr\/wp-content\/uploads\/2022\/03\/film-de-protection-solaire-pictogramme-juin-2021-08.png\" \/>\n\t<meta property=\"og:image:width\" content=\"226\" \/>\n\t<meta property=\"og:image:height\" content=\"235\" \/>\n\t<meta property=\"og:image:type\" content=\"image\/png\" \/>\n<meta name=\"twitter:card\" content=\"summary_large_image\" \/>\n<meta name=\"twitter:label1\" content=\"Dur\u00e9e de lecture estim\u00e9e\" \/>\n\t<meta name=\"twitter:data1\" content=\"2 minutes\" \/>\n<script type=\"application\/ld+json\" class=\"yoast-schema-graph\">{\"@context\":\"https:\\\/\\\/schema.org\",\"@graph\":[{\"@type\":\"WebPage\",\"@id\":\"https:\\\/\\\/stage.septpublicite.fr\\\/septpublicite.fr\\\/product\\\/film-de-protection-solaire-decoration-de-vehicule-7publicite\\\/\",\"url\":\"https:\\\/\\\/stage.septpublicite.fr\\\/septpublicite.fr\\\/product\\\/film-de-protection-solaire-decoration-de-vehicule-7publicite\\\/\",\"name\":\"Film de protection solaire - septpublicite.fr\",\"isPartOf\":{\"@id\":\"https:\\\/\\\/stage.septpublicite.fr\\\/septpublicite.fr\\\/#website\"},\"primaryImageOfPage\":{\"@id\":\"https:\\\/\\\/stage.septpublicite.fr\\\/septpublicite.fr\\\/product\\\/film-de-protection-solaire-decoration-de-vehicule-7publicite\\\/#primaryimage\"},\"image\":{\"@id\":\"https:\\\/\\\/stage.septpublicite.fr\\\/septpublicite.fr\\\/product\\\/film-de-protection-solaire-decoration-de-vehicule-7publicite\\\/#primaryimage\"},\"thumbnailUrl\":\"https:\\\/\\\/stage.septpublicite.fr\\\/septpublicite.fr\\\/wp-content\\\/uploads\\\/2022\\\/03\\\/film-de-protection-solaire-pictogramme-juin-2021-08.png\",\"datePublished\":\"2025-02-18T19:11:12+00:00\",\"dateModified\":\"2025-02-18T19:19:09+00:00\",\"description\":\"Le film de protection solaire pour v\u00e9hicule est une solution efficace pour am\u00e9liorer le confort et la s\u00e9curit\u00e9 des passagers. Il r\u00e9duit consid\u00e9rablement la chaleur \u00e0 l'int\u00e9rieur du v\u00e9hicule en filtrant une grande partie des rayons infrarouges.\",\"breadcrumb\":{\"@id\":\"https:\\\/\\\/stage.septpublicite.fr\\\/septpublicite.fr\\\/product\\\/film-de-protection-solaire-decoration-de-vehicule-7publicite\\\/#breadcrumb\"},\"inLanguage\":\"fr-FR\",\"potentialAction\":[{\"@type\":\"ReadAction\",\"target\":[\"https:\\\/\\\/stage.septpublicite.fr\\\/septpublicite.fr\\\/product\\\/film-de-protection-solaire-decoration-de-vehicule-7publicite\\\/\"]}]},{\"@type\":\"ImageObject\",\"inLanguage\":\"fr-FR\",\"@id\":\"https:\\\/\\\/stage.septpublicite.fr\\\/septpublicite.fr\\\/product\\\/film-de-protection-solaire-decoration-de-vehicule-7publicite\\\/#primaryimage\",\"url\":\"https:\\\/\\\/stage.septpublicite.fr\\\/septpublicite.fr\\\/wp-content\\\/uploads\\\/2022\\\/03\\\/film-de-protection-solaire-pictogramme-juin-2021-08.png\",\"contentUrl\":\"https:\\\/\\\/stage.septpublicite.fr\\\/septpublicite.fr\\\/wp-content\\\/uploads\\\/2022\\\/03\\\/film-de-protection-solaire-pictogramme-juin-2021-08.png\",\"width\":226,\"height\":235},{\"@type\":\"BreadcrumbList\",\"@id\":\"https:\\\/\\\/stage.septpublicite.fr\\\/septpublicite.fr\\\/product\\\/film-de-protection-solaire-decoration-de-vehicule-7publicite\\\/#breadcrumb\",\"itemListElement\":[{\"@type\":\"ListItem\",\"position\":1,\"name\":\"Accueil\",\"item\":\"https:\\\/\\\/stage.septpublicite.fr\\\/septpublicite.fr\\\/\"},{\"@type\":\"ListItem\",\"position\":2,\"name\":\"Boutique\",\"item\":\"https:\\\/\\\/stage.septpublicite.fr\\\/septpublicite.fr\\\/shop\\\/\"},{\"@type\":\"ListItem\",\"position\":3,\"name\":\"Film de protection solaire\"}]},{\"@type\":\"WebSite\",\"@id\":\"https:\\\/\\\/stage.septpublicite.fr\\\/septpublicite.fr\\\/#website\",\"url\":\"https:\\\/\\\/stage.septpublicite.fr\\\/septpublicite.fr\\\/\",\"name\":\"septpublicite.fr\",\"description\":\"Notre publicit\u00e9, c&#039;est vous\",\"potentialAction\":[{\"@type\":\"SearchAction\",\"target\":{\"@type\":\"EntryPoint\",\"urlTemplate\":\"https:\\\/\\\/stage.septpublicite.fr\\\/septpublicite.fr\\\/?s={search_term_string}\"},\"query-input\":{\"@type\":\"PropertyValueSpecification\",\"valueRequired\":true,\"valueName\":\"search_term_string\"}}],\"inLanguage\":\"fr-FR\"}]}<\/script>\n<!-- \/ Yoast SEO plugin. -->","yoast_head_json":{"title":"Film de protection solaire - septpublicite.fr","description":"Le film de protection solaire pour v\u00e9hicule est une solution efficace pour am\u00e9liorer le confort et la s\u00e9curit\u00e9 des passagers. Il r\u00e9duit consid\u00e9rablement la chaleur \u00e0 l'int\u00e9rieur du v\u00e9hicule en filtrant une grande partie des rayons infrarouges.","robots":{"index":"index","follow":"follow","max-snippet":"max-snippet:-1","max-image-preview":"max-image-preview:large","max-video-preview":"max-video-preview:-1"},"canonical":"https:\/\/stage.septpublicite.fr\/septpublicite.fr\/product\/film-de-protection-solaire-decoration-de-vehicule-7publicite\/","og_locale":"fr_FR","og_type":"article","og_title":"Film de protection solaire - septpublicite.fr","og_description":"Le film de protection solaire pour v\u00e9hicule est une solution efficace pour am\u00e9liorer le confort et la s\u00e9curit\u00e9 des passagers. Il r\u00e9duit consid\u00e9rablement la chaleur \u00e0 l'int\u00e9rieur du v\u00e9hicule en filtrant une grande partie des rayons infrarouges.","og_url":"https:\/\/stage.septpublicite.fr\/septpublicite.fr\/product\/film-de-protection-solaire-decoration-de-vehicule-7publicite\/","og_site_name":"septpublicite.fr","article_modified_time":"2025-02-18T19:19:09+00:00","og_image":[{"width":226,"height":235,"url":"https:\/\/stage.septpublicite.fr\/septpublicite.fr\/wp-content\/uploads\/2022\/03\/film-de-protection-solaire-pictogramme-juin-2021-08.png","type":"image\/png"}],"twitter_card":"summary_large_image","twitter_misc":{"Dur\u00e9e de lecture estim\u00e9e":"2 minutes"},"schema":{"@context":"https:\/\/schema.org","@graph":[{"@type":"WebPage","@id":"https:\/\/stage.septpublicite.fr\/septpublicite.fr\/product\/film-de-protection-solaire-decoration-de-vehicule-7publicite\/","url":"https:\/\/stage.septpublicite.fr\/septpublicite.fr\/product\/film-de-protection-solaire-decoration-de-vehicule-7publicite\/","name":"Film de protection solaire - septpublicite.fr","isPartOf":{"@id":"https:\/\/stage.septpublicite.fr\/septpublicite.fr\/#website"},"primaryImageOfPage":{"@id":"https:\/\/stage.septpublicite.fr\/septpublicite.fr\/product\/film-de-protection-solaire-decoration-de-vehicule-7publicite\/#primaryimage"},"image":{"@id":"https:\/\/stage.septpublicite.fr\/septpublicite.fr\/product\/film-de-protection-solaire-decoration-de-vehicule-7publicite\/#primaryimage"},"thumbnailUrl":"https:\/\/stage.septpublicite.fr\/septpublicite.fr\/wp-content\/uploads\/2022\/03\/film-de-protection-solaire-pictogramme-juin-2021-08.png","datePublished":"2025-02-18T19:11:12+00:00","dateModified":"2025-02-18T19:19:09+00:00","description":"Le film de protection solaire pour v\u00e9hicule est une solution efficace pour am\u00e9liorer le confort et la s\u00e9curit\u00e9 des passagers. Il r\u00e9duit consid\u00e9rablement la chaleur \u00e0 l'int\u00e9rieur du v\u00e9hicule en filtrant une grande partie des rayons infrarouges.","breadcrumb":{"@id":"https:\/\/stage.septpublicite.fr\/septpublicite.fr\/product\/film-de-protection-solaire-decoration-de-vehicule-7publicite\/#breadcrumb"},"inLanguage":"fr-FR","potentialAction":[{"@type":"ReadAction","target":["https:\/\/stage.septpublicite.fr\/septpublicite.fr\/product\/film-de-protection-solaire-decoration-de-vehicule-7publicite\/"]}]},{"@type":"ImageObject","inLanguage":"fr-FR","@id":"https:\/\/stage.septpublicite.fr\/septpublicite.fr\/product\/film-de-protection-solaire-decoration-de-vehicule-7publicite\/#primaryimage","url":"https:\/\/stage.septpublicite.fr\/septpublicite.fr\/wp-content\/uploads\/2022\/03\/film-de-protection-solaire-pictogramme-juin-2021-08.png","contentUrl":"https:\/\/stage.septpublicite.fr\/septpublicite.fr\/wp-content\/uploads\/2022\/03\/film-de-protection-solaire-pictogramme-juin-2021-08.png","width":226,"height":235},{"@type":"BreadcrumbList","@id":"https:\/\/stage.septpublicite.fr\/septpublicite.fr\/product\/film-de-protection-solaire-decoration-de-vehicule-7publicite\/#breadcrumb","itemListElement":[{"@type":"ListItem","position":1,"name":"Accueil","item":"https:\/\/stage.septpublicite.fr\/septpublicite.fr\/"},{"@type":"ListItem","position":2,"name":"Boutique","item":"https:\/\/stage.septpublicite.fr\/septpublicite.fr\/shop\/"},{"@type":"ListItem","position":3,"name":"Film de protection solaire"}]},{"@type":"WebSite","@id":"https:\/\/stage.septpublicite.fr\/septpublicite.fr\/#website","url":"https:\/\/stage.septpublicite.fr\/septpublicite.fr\/","name":"septpublicite.fr","description":"Notre publicit\u00e9, c&#039;est vous","potentialAction":[{"@type":"SearchAction","target":{"@type":"EntryPoint","urlTemplate":"https:\/\/stage.septpublicite.fr\/septpublicite.fr\/?s={search_term_string}"},"query-input":{"@type":"PropertyValueSpecification","valueRequired":true,"valueName":"search_term_string"}}],"inLanguage":"fr-FR"}]}},"_links":{"self":[{"href":"https:\/\/stage.septpublicite.fr\/septpublicite.fr\/wp-json\/wp\/v2\/product\/329059","targetHints":{"allow":["GET"]}}],"collection":[{"href":"https:\/\/stage.septpublicite.fr\/septpublicite.fr\/wp-json\/wp\/v2\/product"}],"about":[{"href":"https:\/\/stage.septpublicite.fr\/septpublicite.fr\/wp-json\/wp\/v2\/types\/product"}],"replies":[{"embeddable":true,"href":"https:\/\/stage.septpublicite.fr\/septpublicite.fr\/wp-json\/wp\/v2\/comments?post=329059"}],"wp:featuredmedia":[{"embeddable":true,"href":"https:\/\/stage.septpublicite.fr\/septpublicite.fr\/wp-json\/wp\/v2\/media\/2055"}],"wp:attachment":[{"href":"https:\/\/stage.septpublicite.fr\/septpublicite.fr\/wp-json\/wp\/v2\/media?parent=329059"}],"wp:term":[{"taxonomy":"product_brand","embeddable":true,"href":"https:\/\/stage.septpublicite.fr\/septpublicite.fr\/wp-json\/wp\/v2\/product_brand?post=329059"},{"taxonomy":"product_cat","embeddable":true,"href":"https:\/\/stage.septpublicite.fr\/septpublicite.fr\/wp-json\/wp\/v2\/product_cat?post=329059"},{"taxonomy":"product_tag","embeddable":true,"href":"https:\/\/stage.septpublicite.fr\/septpublicite.fr\/wp-json\/wp\/v2\/product_tag?post=329059"}],"curies":[{"name":"wp","href":"https:\/\/api.w.org\/{rel}","templated":true}]}}