{"id":328880,"date":"2025-02-13T16:22:17","date_gmt":"2025-02-13T15:22:17","guid":{"rendered":"https:\/\/stage.septpublicite.fr\/septpublicite.fr\/?post_type=product&#038;p=328880"},"modified":"2025-02-14T12:28:28","modified_gmt":"2025-02-14T11:28:28","slug":"enseigne-drapeau-pvc-aluminium-septpublicite-fr","status":"publish","type":"product","link":"https:\/\/stage.septpublicite.fr\/septpublicite.fr\/product\/enseigne-drapeau-pvc-aluminium-septpublicite-fr\/","title":{"rendered":"Enseigne drapeau &#8211; pvc ou aluminium"},"content":{"rendered":"<p>Une <strong>enseigne drapeau<\/strong> est une solution d&rsquo;affichage \u00e9conomique. Elle offre une visibilit\u00e9 maximale m\u00eame dans les environnements urbains.<\/p>\n","protected":false},"excerpt":{"rendered":"<p>Une enseigne drapeau est une solution d&rsquo;affichage \u00e9conomique. Elle offre une visibilit\u00e9 maximale m\u00eame dans les environnements urbains.<\/p>\n","protected":false},"featured_media":327,"comment_status":"closed","ping_status":"closed","template":"","meta":{"_et_pb_use_builder":"off","_et_pb_old_content":"V\u00e9ritable travail de ferronnerie d\u2019art, nos enseignes sont uniques, faites sur mesures en fer forg\u00e9 \u00e0 la main, selon votre go\u00fbt.\r\n\r\nElles sont enti\u00e8rement r\u00e9alis\u00e9es dans nos ateliers\r\n\r\nNous pouvons gr\u00e2ce \u00e0 un proc\u00e9d\u00e9 exclusif de fabrication rendre ces derni\u00e8res lumineuses (sans spot, ni rampe d\u2019\u00e9clairage), en gardant la finesse de la structure,\u00a0<strong>moins de 15mm d\u2019\u00e9paisseur pour le plateau !<\/strong>\r\n\r\nAvantages: respectueuses de l\u2019environnement elles d\u00e9gagent une faible pollution lumineuse, esth\u00e9tique id\u00e9ale pour les centres-villes anciens, \u00e9conomiques pour votre budget avec une faible consommation \u00e9nerg\u00e9tique (< 30 watts).","_et_gb_content_width":""},"product_brand":[],"product_cat":[18],"product_tag":[],"class_list":{"0":"post-328880","1":"product","2":"type-product","3":"status-publish","4":"has-post-thumbnail","6":"product_cat-enseignes-signaletique-enseigne-drapeau-septpublicite","8":"first","9":"instock","10":"shipping-taxable","11":"product-type-simple"},"yoast_head":"<!-- This site is optimized with the Yoast SEO plugin v27.6 - https:\/\/yoast.com\/product\/yoast-seo-wordpress\/ -->\n<title>Enseigne drapeau - pvc ou aluminium - septpublicite.fr<\/title>\n<meta name=\"description\" content=\"Une enseigne drapeau est une solution d&#039;affichage \u00e9conomique. Elle offre une visibilit\u00e9 maximale m\u00eame dans les environnements urbains.\" \/>\n<meta name=\"robots\" content=\"index, follow, max-snippet:-1, max-image-preview:large, max-video-preview:-1\" \/>\n<link rel=\"canonical\" href=\"https:\/\/stage.septpublicite.fr\/septpublicite.fr\/product\/enseigne-drapeau-pvc-aluminium-septpublicite-fr\/\" \/>\n<meta property=\"og:locale\" content=\"fr_FR\" \/>\n<meta property=\"og:type\" content=\"article\" \/>\n<meta property=\"og:title\" content=\"Enseigne drapeau - pvc ou aluminium - septpublicite.fr\" \/>\n<meta property=\"og:description\" content=\"Une enseigne drapeau est une solution d&#039;affichage \u00e9conomique. Elle offre une visibilit\u00e9 maximale m\u00eame dans les environnements urbains.\" \/>\n<meta property=\"og:url\" content=\"https:\/\/stage.septpublicite.fr\/septpublicite.fr\/product\/enseigne-drapeau-pvc-aluminium-septpublicite-fr\/\" \/>\n<meta property=\"og:site_name\" content=\"septpublicite.fr\" \/>\n<meta property=\"article:modified_time\" content=\"2025-02-14T11:28:28+00:00\" \/>\n<meta property=\"og:image\" content=\"https:\/\/stage.septpublicite.fr\/septpublicite.fr\/wp-content\/uploads\/2020\/11\/34-ocean-enseigne-drapeau-fer-forge.jpg\" \/>\n\t<meta property=\"og:image:width\" content=\"1500\" \/>\n\t<meta property=\"og:image:height\" content=\"2000\" \/>\n\t<meta property=\"og:image:type\" content=\"image\/jpeg\" \/>\n<meta name=\"twitter:card\" content=\"summary_large_image\" \/>\n<meta name=\"twitter:label1\" content=\"Dur\u00e9e de lecture estim\u00e9e\" \/>\n\t<meta name=\"twitter:data1\" content=\"1 minute\" \/>\n<script type=\"application\/ld+json\" class=\"yoast-schema-graph\">{\"@context\":\"https:\\\/\\\/schema.org\",\"@graph\":[{\"@type\":\"WebPage\",\"@id\":\"https:\\\/\\\/stage.septpublicite.fr\\\/septpublicite.fr\\\/product\\\/enseigne-drapeau-pvc-aluminium-septpublicite-fr\\\/\",\"url\":\"https:\\\/\\\/stage.septpublicite.fr\\\/septpublicite.fr\\\/product\\\/enseigne-drapeau-pvc-aluminium-septpublicite-fr\\\/\",\"name\":\"Enseigne drapeau - pvc ou aluminium - septpublicite.fr\",\"isPartOf\":{\"@id\":\"https:\\\/\\\/stage.septpublicite.fr\\\/septpublicite.fr\\\/#website\"},\"primaryImageOfPage\":{\"@id\":\"https:\\\/\\\/stage.septpublicite.fr\\\/septpublicite.fr\\\/product\\\/enseigne-drapeau-pvc-aluminium-septpublicite-fr\\\/#primaryimage\"},\"image\":{\"@id\":\"https:\\\/\\\/stage.septpublicite.fr\\\/septpublicite.fr\\\/product\\\/enseigne-drapeau-pvc-aluminium-septpublicite-fr\\\/#primaryimage\"},\"thumbnailUrl\":\"https:\\\/\\\/stage.septpublicite.fr\\\/septpublicite.fr\\\/wp-content\\\/uploads\\\/2020\\\/11\\\/34-ocean-enseigne-drapeau-fer-forge.jpg\",\"datePublished\":\"2025-02-13T15:22:17+00:00\",\"dateModified\":\"2025-02-14T11:28:28+00:00\",\"description\":\"Une enseigne drapeau est une solution d'affichage \u00e9conomique. Elle offre une visibilit\u00e9 maximale m\u00eame dans les environnements urbains.\",\"breadcrumb\":{\"@id\":\"https:\\\/\\\/stage.septpublicite.fr\\\/septpublicite.fr\\\/product\\\/enseigne-drapeau-pvc-aluminium-septpublicite-fr\\\/#breadcrumb\"},\"inLanguage\":\"fr-FR\",\"potentialAction\":[{\"@type\":\"ReadAction\",\"target\":[\"https:\\\/\\\/stage.septpublicite.fr\\\/septpublicite.fr\\\/product\\\/enseigne-drapeau-pvc-aluminium-septpublicite-fr\\\/\"]}]},{\"@type\":\"ImageObject\",\"inLanguage\":\"fr-FR\",\"@id\":\"https:\\\/\\\/stage.septpublicite.fr\\\/septpublicite.fr\\\/product\\\/enseigne-drapeau-pvc-aluminium-septpublicite-fr\\\/#primaryimage\",\"url\":\"https:\\\/\\\/stage.septpublicite.fr\\\/septpublicite.fr\\\/wp-content\\\/uploads\\\/2020\\\/11\\\/34-ocean-enseigne-drapeau-fer-forge.jpg\",\"contentUrl\":\"https:\\\/\\\/stage.septpublicite.fr\\\/septpublicite.fr\\\/wp-content\\\/uploads\\\/2020\\\/11\\\/34-ocean-enseigne-drapeau-fer-forge.jpg\",\"width\":1500,\"height\":2000},{\"@type\":\"BreadcrumbList\",\"@id\":\"https:\\\/\\\/stage.septpublicite.fr\\\/septpublicite.fr\\\/product\\\/enseigne-drapeau-pvc-aluminium-septpublicite-fr\\\/#breadcrumb\",\"itemListElement\":[{\"@type\":\"ListItem\",\"position\":1,\"name\":\"Accueil\",\"item\":\"https:\\\/\\\/stage.septpublicite.fr\\\/septpublicite.fr\\\/\"},{\"@type\":\"ListItem\",\"position\":2,\"name\":\"Boutique\",\"item\":\"https:\\\/\\\/stage.septpublicite.fr\\\/septpublicite.fr\\\/shop\\\/\"},{\"@type\":\"ListItem\",\"position\":3,\"name\":\"Enseigne drapeau &#8211; pvc ou aluminium\"}]},{\"@type\":\"WebSite\",\"@id\":\"https:\\\/\\\/stage.septpublicite.fr\\\/septpublicite.fr\\\/#website\",\"url\":\"https:\\\/\\\/stage.septpublicite.fr\\\/septpublicite.fr\\\/\",\"name\":\"septpublicite.fr\",\"description\":\"Notre publicit\u00e9, c&#039;est vous\",\"potentialAction\":[{\"@type\":\"SearchAction\",\"target\":{\"@type\":\"EntryPoint\",\"urlTemplate\":\"https:\\\/\\\/stage.septpublicite.fr\\\/septpublicite.fr\\\/?s={search_term_string}\"},\"query-input\":{\"@type\":\"PropertyValueSpecification\",\"valueRequired\":true,\"valueName\":\"search_term_string\"}}],\"inLanguage\":\"fr-FR\"}]}<\/script>\n<!-- \/ Yoast SEO plugin. -->","yoast_head_json":{"title":"Enseigne drapeau - pvc ou aluminium - septpublicite.fr","description":"Une enseigne drapeau est une solution d'affichage \u00e9conomique. Elle offre une visibilit\u00e9 maximale m\u00eame dans les environnements urbains.","robots":{"index":"index","follow":"follow","max-snippet":"max-snippet:-1","max-image-preview":"max-image-preview:large","max-video-preview":"max-video-preview:-1"},"canonical":"https:\/\/stage.septpublicite.fr\/septpublicite.fr\/product\/enseigne-drapeau-pvc-aluminium-septpublicite-fr\/","og_locale":"fr_FR","og_type":"article","og_title":"Enseigne drapeau - pvc ou aluminium - septpublicite.fr","og_description":"Une enseigne drapeau est une solution d'affichage \u00e9conomique. Elle offre une visibilit\u00e9 maximale m\u00eame dans les environnements urbains.","og_url":"https:\/\/stage.septpublicite.fr\/septpublicite.fr\/product\/enseigne-drapeau-pvc-aluminium-septpublicite-fr\/","og_site_name":"septpublicite.fr","article_modified_time":"2025-02-14T11:28:28+00:00","og_image":[{"width":1500,"height":2000,"url":"https:\/\/stage.septpublicite.fr\/septpublicite.fr\/wp-content\/uploads\/2020\/11\/34-ocean-enseigne-drapeau-fer-forge.jpg","type":"image\/jpeg"}],"twitter_card":"summary_large_image","twitter_misc":{"Dur\u00e9e de lecture estim\u00e9e":"1 minute"},"schema":{"@context":"https:\/\/schema.org","@graph":[{"@type":"WebPage","@id":"https:\/\/stage.septpublicite.fr\/septpublicite.fr\/product\/enseigne-drapeau-pvc-aluminium-septpublicite-fr\/","url":"https:\/\/stage.septpublicite.fr\/septpublicite.fr\/product\/enseigne-drapeau-pvc-aluminium-septpublicite-fr\/","name":"Enseigne drapeau - pvc ou aluminium - septpublicite.fr","isPartOf":{"@id":"https:\/\/stage.septpublicite.fr\/septpublicite.fr\/#website"},"primaryImageOfPage":{"@id":"https:\/\/stage.septpublicite.fr\/septpublicite.fr\/product\/enseigne-drapeau-pvc-aluminium-septpublicite-fr\/#primaryimage"},"image":{"@id":"https:\/\/stage.septpublicite.fr\/septpublicite.fr\/product\/enseigne-drapeau-pvc-aluminium-septpublicite-fr\/#primaryimage"},"thumbnailUrl":"https:\/\/stage.septpublicite.fr\/septpublicite.fr\/wp-content\/uploads\/2020\/11\/34-ocean-enseigne-drapeau-fer-forge.jpg","datePublished":"2025-02-13T15:22:17+00:00","dateModified":"2025-02-14T11:28:28+00:00","description":"Une enseigne drapeau est une solution d'affichage \u00e9conomique. Elle offre une visibilit\u00e9 maximale m\u00eame dans les environnements urbains.","breadcrumb":{"@id":"https:\/\/stage.septpublicite.fr\/septpublicite.fr\/product\/enseigne-drapeau-pvc-aluminium-septpublicite-fr\/#breadcrumb"},"inLanguage":"fr-FR","potentialAction":[{"@type":"ReadAction","target":["https:\/\/stage.septpublicite.fr\/septpublicite.fr\/product\/enseigne-drapeau-pvc-aluminium-septpublicite-fr\/"]}]},{"@type":"ImageObject","inLanguage":"fr-FR","@id":"https:\/\/stage.septpublicite.fr\/septpublicite.fr\/product\/enseigne-drapeau-pvc-aluminium-septpublicite-fr\/#primaryimage","url":"https:\/\/stage.septpublicite.fr\/septpublicite.fr\/wp-content\/uploads\/2020\/11\/34-ocean-enseigne-drapeau-fer-forge.jpg","contentUrl":"https:\/\/stage.septpublicite.fr\/septpublicite.fr\/wp-content\/uploads\/2020\/11\/34-ocean-enseigne-drapeau-fer-forge.jpg","width":1500,"height":2000},{"@type":"BreadcrumbList","@id":"https:\/\/stage.septpublicite.fr\/septpublicite.fr\/product\/enseigne-drapeau-pvc-aluminium-septpublicite-fr\/#breadcrumb","itemListElement":[{"@type":"ListItem","position":1,"name":"Accueil","item":"https:\/\/stage.septpublicite.fr\/septpublicite.fr\/"},{"@type":"ListItem","position":2,"name":"Boutique","item":"https:\/\/stage.septpublicite.fr\/septpublicite.fr\/shop\/"},{"@type":"ListItem","position":3,"name":"Enseigne drapeau &#8211; pvc ou aluminium"}]},{"@type":"WebSite","@id":"https:\/\/stage.septpublicite.fr\/septpublicite.fr\/#website","url":"https:\/\/stage.septpublicite.fr\/septpublicite.fr\/","name":"septpublicite.fr","description":"Notre publicit\u00e9, c&#039;est vous","potentialAction":[{"@type":"SearchAction","target":{"@type":"EntryPoint","urlTemplate":"https:\/\/stage.septpublicite.fr\/septpublicite.fr\/?s={search_term_string}"},"query-input":{"@type":"PropertyValueSpecification","valueRequired":true,"valueName":"search_term_string"}}],"inLanguage":"fr-FR"}]}},"_links":{"self":[{"href":"https:\/\/stage.septpublicite.fr\/septpublicite.fr\/wp-json\/wp\/v2\/product\/328880","targetHints":{"allow":["GET"]}}],"collection":[{"href":"https:\/\/stage.septpublicite.fr\/septpublicite.fr\/wp-json\/wp\/v2\/product"}],"about":[{"href":"https:\/\/stage.septpublicite.fr\/septpublicite.fr\/wp-json\/wp\/v2\/types\/product"}],"replies":[{"embeddable":true,"href":"https:\/\/stage.septpublicite.fr\/septpublicite.fr\/wp-json\/wp\/v2\/comments?post=328880"}],"wp:featuredmedia":[{"embeddable":true,"href":"https:\/\/stage.septpublicite.fr\/septpublicite.fr\/wp-json\/wp\/v2\/media\/327"}],"wp:attachment":[{"href":"https:\/\/stage.septpublicite.fr\/septpublicite.fr\/wp-json\/wp\/v2\/media?parent=328880"}],"wp:term":[{"taxonomy":"product_brand","embeddable":true,"href":"https:\/\/stage.septpublicite.fr\/septpublicite.fr\/wp-json\/wp\/v2\/product_brand?post=328880"},{"taxonomy":"product_cat","embeddable":true,"href":"https:\/\/stage.septpublicite.fr\/septpublicite.fr\/wp-json\/wp\/v2\/product_cat?post=328880"},{"taxonomy":"product_tag","embeddable":true,"href":"https:\/\/stage.septpublicite.fr\/septpublicite.fr\/wp-json\/wp\/v2\/product_tag?post=328880"}],"curies":[{"name":"wp","href":"https:\/\/api.w.org\/{rel}","templated":true}]}}